-5*t = -4*t + j - w. What is the units digit of t?
6
What is the hundreds digit of (-4)/(4/(-138)*15/20)?
1
Let t(h) = -h + 4. Let r(k) = -k**3 + 7*k**2 - 8*k + 6. Let u be r(6). Let q be ((-10)/(-4))/(3/u). What is the units digit of t(q)?
9
Let h(n) = n + 6. Let q(f) = 4*f + 23. Let g(k) = -9*h(k) + 2*q(k). Let b be g(-6). Let w(o) = 2*o**2 + 2*o + 1. What is the units digit of w(b)?
5
What is the tens digit of 0 + -2 + (119 - -6) + 2?
2
Suppose 4*g - 92 = -3*t, -2*t + 13 = 4*g - 51. Suppose 3*m - t = -p, -2*p = -0*p - 4*m - 16. Let n = -9 + p. What is the units digit of n?
7
Suppose -3*i + y = 2*y - 35, -4*i - y = -47. What is the units digit of i?
2
Let g(l) = -l + 7 + 1 - l**2 + 18. What is the units digit of g(0)?
6
Suppose 1 = -2*i + 5. Suppose -2*z + 47 = 3*d, -3*d - i*d + 4*z = -115. What is the tens digit of d?
1
Let n(q) = -2*q + 6 + 4*q + 5*q + 2*q**2. What is the tens digit of n(-4)?
1
Suppose k - 5*w = 183, 6*w + 819 = 5*k + 5*w. What is the hundreds digit of k?
1
Let m(d) be the first derivative of 2*d**3/3 - 2*d**2 + 4*d + 5. What is the tens digit of m(3)?
1
Suppose -j + 0 = -2, -5*g - 4*j - 12 = 0. Let d(s) = -2*s - 3. Let w be d(g). Suppose 3*h - 75 = -w*a, 2*a + 4*h = 7*a - 75. What is the tens digit of a?
1
Let v(s) = 4*s + 2. Suppose 4*f + 3*n - 14 = 0, -3*n = f + 2*n - 12. What is the units digit of v(f)?
0
Let s(l) be the second derivative of 5*l**4/6 + 6*l. What is the tens digit of s(-1)?
1
Let x = -16 - -22. Let t be 3/9 - (-16)/x. Suppose 3*f = -4*i + 50, -4*i = -t*i - 2. What is the units digit of f?
4
Suppose -2*p = t - 12, 5*t + 16 - 92 = -2*p. Let a be 12/t*(31 - -1). Suppose 2*g - 4*k - a = 0, -3*g + 3*k = 6*k. What is the units digit of g?
4
Let f = -17 - -24. Let k = f - 10. What is the units digit of 7 + 2 + 9/k?
6
Let b = 210 + -28. What is the hundreds digit of b?
1
Let j = 28 - 15. Let k = 18 - j. Let c(p) = 2*p - 6. What is the units digit of c(k)?
4
Let x(l) = l**2 + 3*l - 6. Let w be x(-6). Suppose -4 - w = -4*h. What is the units digit of h?
4
Let g(p) = 0*p + 6 - 4*p + 3*p. What is the units digit of g(0)?
6
Let u(c) be the second derivative of -c**4/12 - 5*c**3/3 + 15*c**2/2 - 5*c. What is the units digit of u(-8)?
1
Suppose -19 = -2*c + 35. Let m be 20/9 - 6/c. Suppose -1 = -m*t + 1. What is the units digit of t?
1
Let s = -11 - -8. Let j = s - -2. What is the units digit of j + (2 - -7*1)?
8
Suppose -4*f = 5*k - 1015, -4*k - 2*f + 786 = -4*f. What is the units digit of k?
9
Let c = 7 + 0. Let v be 14/(-7)*6/(-4). Suppose -c + v = -i. What is the units digit of i?
4
Let k = 4 + -1. Suppose 0*x - k*x = -9. Suppose -g = g - 2*n - 6, n + 19 = x*g. What is the units digit of g?
8
Suppose 0 = 2*m + 2*n + 10, 0 = -2*m + n + n - 30. Let x = m - -19. What is the units digit of x?
9
Let r(v) = -2*v + 9. Let d = -42 + 27. What is the units digit of r(d)?
9
Suppose 70 = 3*o - 140. What is the tens digit of o?
7
What is the units digit of ((-171)/(-12))/((-6)/(-16))?
8
Suppose 2*t + 600 = 7*t. Let u = t - 70. What is the tens digit of u?
5
Let x = 13 - 4. Suppose x*o - 6*o = 18. What is the units digit of o?
6
Suppose 25*j - 28*j + 18 = 0. What is the units digit of j?
6
Suppose 4*c + b - 37 = 0, 4*b + 4 = -c + 4*c. Suppose -2*s - 2*s = -c. What is the units digit of s?
2
Suppose -8*t = -3*t - 415. What is the units digit of t?
3
Let f(r) = -r**2 - 8*r - 4. Let z = 5 + -9. What is the tens digit of f(z)?
1
Suppose 4*n - 2*b = -5*b + 68, -b - 84 = -4*n. What is the units digit of n?
0
Suppose -23 - 13 = -2*s. Let x = -13 + s. Suppose -x*c = 2*a - 34, -c - 4*c + 20 = 0. What is the units digit of a?
7
Let n(o) = 5*o**3 + 4*o**2 - 5*o + 5. Let m(j) = 9*j**3 + 8*j**2 - 10*j + 9. Let h(t) = 4*m(t) - 7*n(t). Let w = 7 + -12. What is the units digit of h(w)?
1
Suppose v - 5*g - 17 = 0, -5*g - 12 - 1 = v. Suppose -v = -i + 4. Let f = i - -1. What is the units digit of f?
7
Suppose -b + 2*b = 3. Let w = b - -7. What is the units digit of w?
0
Suppose -4*c + 22 - 6 = 0. Let x(b) = -b + 1. Let s(d) = -10*d + 10. Let u(f) = -s(f) + 5*x(f). What is the units digit of u(c)?
5
Suppose -2*o + 1 = -3. Suppose o*k + 27 = 121. What is the units digit of k?
7
Suppose 5*a + 12 = 9*a. Suppose 4*y = o + 2, -a*y + 0*y + 2*o - 1 = 0. What is the units digit of y?
1
Let b be (-4)/10 + 6/15. Suppose 0*l - 4*l = b. What is the units digit of -1*(l - -1)*-2?
2
Suppose 2*h = -3*h + 70. Let c = h + -11. What is the units digit of c?
3
Suppose 5*x + 6 = 66. Let u = x + -7. Suppose d - 23 = -4*l, -u*l = d - 26 - 2. What is the units digit of l?
5
Let n(z) = 3*z - 2*z - 3*z**2 - 2 + 6*z**2 + 3 - z**3. Let c be n(3). Suppose c*u - a - 13 = 29, 5*u - 42 = -4*a. What is the units digit of u?
0
Let p be 152/3 - (-3)/9. Suppose 0 = -5*w + t - p, 3*t = 2*w - 0*w + 23. What is the units digit of 51/7 + w/35?
7
Let g(v) = 12*v - 4. What is the tens digit of g(5)?
5
Let p be (-3 - 0)*26/3. Let q = 46 + p. What is the units digit of q?
0
Suppose -2*u - 2*u = 2*w - 132, 5*u + 3*w - 165 = 0. What is the units digit of u?
3
Let s(q) = -q**3 - 4*q**2 + q + 2. Let a be s(-4). What is the units digit of (-3)/a*418/57?
1
Let l = -12 + 7. Let b = -3 - l. Suppose 2 = b*g - 0. What is the units digit of g?
1
What is the tens digit of 558/155*105/2?
8
What is the units digit of (2 - 3)*(3 + -8)?
5
Let j = 1 + -4. Let s = 2 + j. What is the units digit of 0*1/s - -6?
6
Suppose -5*h = -2*h - 42. What is the tens digit of h?
1
Let b be (-1)/(-3) + 276/9. Let t = b - 19. What is the units digit of t?
2
Suppose -5*f - 3*t = -2*t - 24, -f = 5*t. Suppose -v = 5*z - 3, 5*v = -2*z + v + 12. Suppose -x = -f - z. What is the units digit of x?
5
Let h be 4 - (2 - 1)*3. Suppose 5*u = h + 4. What is the units digit of u?
1
Suppose 4*q - 2*h = 8, 4*q + 0*q - h = 4. Suppose q = -3*w + 13 + 5. Suppose 5*p = 3*c + 11, -p - 3*c = -w*c - 7. What is the units digit of p?
1
Let g(u) = -u + 4. Let o be g(3). Let i = 7 + -3. Let a = i - o. What is the units digit of a?
3
Let b(u) = -u + 5. Let a(o) = 1. Let l(s) = -2*a(s) - b(s). Let r be l(9). Let g(k) = 4*k - 2. What is the units digit of g(r)?
6
Let p = -84 - -129. What is the tens digit of p?
4
Suppose -2*n + 0*n = -68. What is the units digit of n?
4
Suppose 4*t + 1 = 125. What is the units digit of t?
1
Suppose n = -2*t - 5, 0 = 5*n - 0*n - t - 19. Suppose -o + 21 = 4*q - 4, -3*o + 30 = -n*q. What is the tens digit of o?
1
Let d(t) = -t - 1. Let h be d(-5). Suppose -3*i + 4*i - h = 0. Suppose -2*l = -p - 3*l + 8, i*p = 2*l + 8. What is the units digit of p?
4
Suppose -3*v + 33 = -15. Suppose 0 = -5*r + 4*r + v. What is the units digit of r?
6
Suppose 3*s + 2*f - 16 = 0, -5*s + f + 8 = -23. What is the units digit of s?
6
What is the units digit of (-1*1)/((-3)/321)?
7
Let v(m) = 3*m + 27. What is the tens digit of v(12)?
6
Suppose -3*q + i = -1, 0*q = q + 2*i + 2. Let o = 1 - -1. What is the units digit of o + (q - (1 + -1))?
2
Let y be 10/55 + (-64)/(-11). Suppose -7*s + 3*m = -3*s + 15, -y = 2*s - 2*m. What is the units digit of 6 + 3*(-4)/s?
8
Suppose -c - 21 = 9. Let h = c - -81. What is the tens digit of h?
5
Suppose -5*d = 12 - 2. Let r be ((-4)/(-5))/(d/(-5)). Suppose -5*y + 11 = -3*w, -r*w = 3*w - y - 11. What is the units digit of w?
3
Suppose -j + 0*j = -s - 16, 5*j - 104 = -s. Let p = -9 + j. What is the units digit of p?
1
What is the units digit of -32*(-3)/(-18)*-3?
6
Let d(k) = -4*k - 4. Suppose -4*a - 16 + 0 = 0. What is the units digit of d(a)?
2
Suppose -12 = 3*w - 48. What is the tens digit of w?
1
Let o(y) = y**2 + y. Let q be o(1). Let z be (10/25)/(2/10). Suppose 0*s + 3*s = 4*j + 25, 2 = -q*s - z*j. What is the units digit of s?
3
Let h = 21 + -14. Let u(m) = m**2 - 5*m - 10. What is the units digit of u(h)?
4
Let k = 14 + -10. Suppose -24 = -k*l - 0*l. What is the units digit of l?
6
Suppose -f + c = -2 + 5, -5*c = -5. Let v = 0 - f. What is the units digit of v?
2
Let a(q) = 18*q - 4. What is the tens digit of a(9)?
5
What is the units digit of 69/4 - (-11)/(-44)?
7
Let y = 6 + -4. Suppose 45 = 3*f + y*f. What is the units digit of f?
9
Let k = 15 + -12. What is the units digit of k?
3
Suppose 4*i - 3*c = -19, -5*i - 3*c + 20 = 2*c. Let q(u) = -7*u + 9. Let o be q(3). Let b = i - o. What is the tens di